 5*n = 12, 0 = -g*j + 3*n + 19 - 3. What are the prime factors of j?
2
Let w = -13 - -18. Let j(a) = a - 5*a + w*a + 5. What are the prime factors of j(6)?
11
Suppose 6*g = 4*g - 6. Let r = 3 + g. What are the prime factors of 1*(r + 0) + 12?
2, 3
Suppose 2*d + 2*d = 4, -3*r + 4 = d. Suppose 0 = l + 4*w + r, -8 = 2*l - 3*l - w. What are the prime factors of l?
11
Suppose 9*r - 10*r - 4 = 0. Let b = r - -16. What are the prime factors of b?
2, 3
Let f(j) = -j**2 - 2*j + 1. Let s be f(-4). Let q = 7 + s. List the prime factors of 1 - 27/(q + -3).
2, 5
Let k(m) = 6*m + 3. Let i be k(9). Suppose w + 2*w = i. List the prime factors of w.
19
Let d(y) = 4*y**2 - y. Let h be d(1). Suppose 2*t - 12 - 26 = 2*n, -h*t + 51 = 3*n. What are the prime factors of 32/t + 4/18?
2
Let s(d) = -6*d - 12. Let r(z) = -z - 1. Let w = 13 - 8. Let x(u) = w*r(u) - s(u). What are the prime factors of x(-5)?
2
Suppose -6 = 5*m - 3*m. Let x be ((-12)/(-9))/((-2)/m). Suppose -2*a = x, -3*a = 3*r - a - 25. What are the prime factors of r?
3
Suppose -2*p = 2, -2*c = 2*c - p - 9. List the prime factors of c.
2
Let y(c) = 3*c**2 + 7*c + 28. What are the prime factors of y(-8)?
2, 41
Suppose 3*f + 45 = p, p - 33 = -3*f + 2*f. What are the prime factors of p?
2, 3
Suppose -23 = -3*y - 8. Suppose 0 = -y*i - 3 - 62. Let u = -9 - i. List the prime factors of u.
2
Let n = -6 + 13. Suppose n*c - 10*c + 147 = 0. List the prime factors of c.
7
List the prime factors of (-4)/12 - 52/(-12) - -174.
2, 89
Let g = 8 - -73. What are the prime factors of g?
3
Suppose -6*j + 98 = -394. What are the prime factors of j?
2, 41
Suppose -4*w - 5*t + 186 = 0, 28 - 68 = -w + 2*t. What are the prime factors of w?
2, 11
Suppose -a + 7 = 5*c, -7*a + 3*c + 7 = -2*a. Let g = 0 + a. Suppose g*k = 9 + 9. What are the prime factors of k?
3
Let m = -2 - -7. Let n = m - 11. List the prime factors of (-70)/n + (-2)/(-6).
2, 3
Suppose h - 47 - 78 = 0. List the prime factors of h.
5
Let s be 18/7*(1 + 13). Suppose 8*f = 2*f + s. What are the prime factors of f?
2, 3
Let k(r) = 3*r**2 + 5*r + 7. Let n(s) = s**2 + 1. Let i(f) = -k(f) + 2*n(f). Let y be i(-4). Let q(p) = -10*p**3 + 1. What are the prime factors of q(y)?
11
Let f(k) = k + 9. Let n be f(-7). Let q be (-2 + 3)*(-2)/(-2). Suppose -q = -n*u + 23. List the prime factors of u.
2, 3
Let b be (-9)/(-1)*(-1)/3. What are the prime factors of (-2)/(-2) + 24 + b?
2, 11
Suppose 2 = 2*m + 5*k, -5*m + 4*m = -2*k - 10. List the prime factors of (2 - 4) + (m - -39).
43
Let q be 1/4 - (-181)/(-4). What are the prime factors of (-1 + -1)*q/18?
5
Let i(u) = -u**3 + 8*u**2 - 8*u + 7. Let a be i(7). What are the prime factors of 9 - (1 + a/(-2))?
2
Let y(t) = -t**2 + 8*t. Let h be y(6). Suppose -2*m - 21 = -5*q, -5*q + 13 + 12 = 0. Suppose 4*s - h = -z, -m*s + 10 = z - 2. List the prime factors of z.
2, 3
Suppose 2*z - 24 = 5*z. Let i be 2/1 + z/2. Let s = 0 - i. List the prime factors of s.
2
Let q = -9 - -10. What are the prime factors of (-34)/(-3 + (2 - q))?
17
List the prime factors of (-5)/30 - 205/(-6).
2, 17
Let i = -23 + 32. What are the prime factors of i?
3
Suppose 5*q = 42 - 12. Suppose -q*i = -2*i - 72. List the prime factors of i.
2, 3
Let r(x) = -x**3 - 7*x**2 - 10*x - 7. Let a be r(-7). Suppose -21 = -d - 4*w, d - w = 4*d - a. What are the prime factors of d?
3, 7
Let o(p) = -2*p - 6. Let j(f) = 5*f + 11. Let u(y) = 3*j(y) + 7*o(y). Let d(l) = -l**3 + 10*l**2 + 3*l - 19. Let x be d(10). What are the prime factors of u(x)?
2
Suppose 5*v = -4*d + 299 + 96, -d = 2*v - 98. List the prime factors of d.
2, 5
Suppose 4*a - 32 = -4*t, -5*a + 0*t + 24 = -3*t. What are the prime factors of a?
2, 3
Let r = -3 + 8. Suppose 4*h + 4 = -v + 2*h, 19 = 2*v - r*h. What are the prime factors of v?
2
Let l(t) = t**3 - t + 16. Let k be l(0). Let u = 6 + -9. Let q = k + u. List the prime factors of q.
13
Let b = -49 + 185. List the prime factors of b.
2, 17
Let d(x) = -65*x + 31. List the prime factors of d(-4).
3, 97
Let a be (10/(-4))/((-3)/6). Suppose -6 + 26 = a*t. Suppose 0*k - 50 = -5*s - 5*k, 4*s = t*k + 64. What are the prime factors of s?
13
Let x = -123 - -174. What are the prime factors of x?
3, 17
Let d be (6/(-5))/((-3)/15). Suppose -9 = 2*f - 5*f. Suppose f*i = 3 + d. List the prime factors of i.
3
Suppose 2*v = 2*a - 0*v - 96, 4*v - 120 = -2*a. What are the prime factors of a?
2, 13
Suppose -2*y = -y + 7. Let w = -5 - y. Suppose -2*u + 24 = w*x, u + 0*u = -3*x + 34. What are the prime factors of x?
11
List the prime factors of 53*(11/(-55) + 6/5).
53
What are the prime factors of -1*-2*21 + -1?
41
Suppose 0 = 2*p + 2*p - 28. Suppose 5*u = -4*d + 10, d - p = -3*u - 1. Suppose 4*f = -2*q - 12, 3*q - 2 = f - u*f. What are the prime factors of q?
2
Suppose 5*w - 30 = -0*w. Let d(m) = 4*m + 3. List the prime factors of d(w).
3
Let f(c) = c - 1. Let d be f(1). Let v(q) = q**2 + 9*q + 3. Let r be v(-9). Suppose w + 5*u + 21 = d, -w - 3*u - 23 = -r*w. List the prime factors of w.
2
List the prime factors of -8 + 12 - (-34 + 1).
37
Let g = 50 - -199. List the prime factors of g.
3, 83
Suppose 66 - 22 = 2*k - 4*y, 4*k - 3*y - 73 = 0. What are the prime factors of k?
2
Suppose -n - 12*n + 3939 = 0. List the prime factors of n.
3, 101
Suppose -2*j = -4*x - 78, -2*j + 3*x = -7*j + 156. List the prime factors of j.
3, 11
Let c(l) = -12*l - 50. What are the prime factors of c(-18)?
2, 83
Let n = 85 + -60. Let u = -22 + n. List the prime factors of u.
3
Suppose 0 = 2*b - 5 - 1. Suppose 0 = -b*l + 17 - 5. Suppose -x = -l*x + 12. List the prime factors of x.
2
Let n = 5 + -8. Let h be 10 - (-1 - (0 - 2)). Let z = h - n. List the prime factors of z.
2, 3
Let m(t) = -t**2 - 8*t - 4. Let c be m(-6). Suppose 2*a = -2 - c. What are the prime factors of (2 + 19/a)*-5?
3
Suppose -4*g + 0*h - 4*h = -28, 0 = -h + 4. Suppose -3*s - 3*m = -30, -2*m + 36 - 11 = g*s. Suppose 6*b = s*b + 12. What are the prime factors of b?
2, 3
Let r(n) = 8*n + 1. List the prime factors of r(10).
3
Let x = -17 - -79. Suppose 11 = -3*q + x. What are the prime factors of q?
17
Suppose -5*x + 2*x = -4*q - 3, -x = 2*q + 9. Let y = q + -2. Let w = y + 9. List the prime factors of w.
2
Let f = 7 - 11. Let t = -2 - f. Suppose w - 11 = -l - t*w, -2*l - 5 = -3*w. List the prime factors of l.
2
Let s = 18 + -15. Suppose q - 72 = -s*q. List the prime factors of q.
2, 3
Suppose 2*d + 2*i + 3*i = 19, -4*d - 2*i = -14. Suppose -2 - 8 = -d*s. What are the prime factors of s?
5
Let d(f) = 2*f**3 + 2*f**2 - 1. Let t be d(1). Let i = t + 29. Suppose q - 41 = -5*r, 3*r = -r - q + i. What are the prime factors of r?
3
Let x be (2 - 3)*(0 - 0). Suppose x = 3*a - 3, -g - 15 = a + 1. Let q = -9 - g. List the prime factors of q.
2
Let v(b) = -4*b + 5. Let q be v(-3). Let f = q + -15. List the prime factors of f.
2
Suppose -r + 5*h + 2 = 0, 3*r - 14 = 4*h + 3. Suppose r*w - 4*w - 33 = 0. What are the prime factors of w + 6/3 + -1?
2, 3
Let c(h) be the third derivative of h**4/8 - h**3/6 + 6*h**2. List the prime factors of c(1).
2
Let t(w) be the third derivative of w**5/60 + w**4/24 + 5*w**3/2 - 3*w**2. Let r = -2 - -2. What are the prime factors of t(r)?
3, 5
List the prime factors of (-5)/(-4) + -1 + 75938/344.
13, 17
Let p(l) be the third derivative of l**4/6 - 5*l**3/6 - l**2. Let x be p(4). Let z = x + 1. List the prime factors of z.
2, 3
Let d = 103 + -64. What are the prime factors of d?
3, 13
Let h be (-9)/4 - 1/(-4). Let a be (h - 75/3)*1. Let t = -19 - a. List the prime factors of t.
2
Suppose s - 2 = 2*p - p, -2*s + 4 = -5*p. Let w(t) = 6*t - t**3 - 2*t**2 - 2*t + 6*t**s + 7. List the prime factors of w(5).
2
Let z(q) = -q**3 + 7*q**2 + q + 14. List the prime factors of z(7).
3, 7
Let x(b) = -b + 1. Let o be x(1). Suppose -4*z + z + 30 = o. List the prime factors of z.
2, 5
List the prime factors of (-1)/1 - ((-85 - 1) + 2).
83
Let f(x) be the third derivative of x**6/120 - 7*x**5/60 + x**4/3 - 2*x**2. Let j = 11 + -5. List the prime factors of f(j).
2, 3
Let w(y) = y**3 + 7*y**2 - 4*y + 1. What are the prime factors of w(5)?
281
Let l = -3 + 5. Suppose 0 = i - 3*r + 66, 64 = -l*i + 2*r - 52. What are the prime factors of (1/3)/((-2)/i)?
3
Suppose 2*d = -3*l + 224, -2*l + 148 = -d + 2*d. What are the prime factors of l?